{"id":232,"date":"2015-08-23T19:48:16","date_gmt":"2015-08-23T19:48:16","guid":{"rendered":"http:\/\/resources.storlann.co.uk\/bi-sunndach-agus-seinn\/?page_id=232"},"modified":"2023-02-02T16:27:16","modified_gmt":"2023-02-02T16:27:16","slug":"faidhleachan-fuaim","status":"publish","type":"page","link":"https:\/\/www.storlann.co.uk\/bi-sunndach\/faidhleachan-fuaim\/","title":{"rendered":"Faidhleachan Fuaim"},"content":{"rendered":"<p><iframe data-src=\"https:\/\/w.soundcloud.com\/player\/?url=https%3A\/\/api.soundcloud.com\/playlists\/137581860&amp;color=ff5500&amp;auto_play=false&amp;hide_related=false&amp;show_comments=true&amp;show_user=true&amp;show_reposts=false\" width=\"100%\" height=\"450\" frameborder=\"no\" scrolling=\"no\" src=\"data:image\/svg+xml;base64,PHN2ZyB3aWR0aD0iMSIgaGVpZ2h0PSIxIiB4bWxucz0iaHR0cDovL3d3dy53My5vcmcvMjAwMC9zdmciPjwvc3ZnPg==\" data-load-mode=\"1\"><span style=\"display: inline-block; width: 0px; overflow: hidden; line-height: 0;\" data-mce-type=\"bookmark\" class=\"mce_SELRES_start lazyload\">\ufeff<\/span><\/iframe><\/p>\n<p><span lang=\"GA\">Taing do Dholina Rothach airson sti\u00f9ireadh ci\u00f9il, meur-chl\u00e0r agus seinn, do Iain agus do Cheit Masson, <a href=\"http:\/\/www.skyemusicshop.com\/\" target=\"_blank\" rel=\"noopener\">B\u00f9th Chi\u00f9il an Eilein<\/a>, airson giot\u00e0r agus fidheall, agus do <a href=\"http:\/\/www.hectormacinnes.net\/\" target=\"_blank\" rel=\"noopener\">Eachann MacAonghais<\/a>, <a href=\"http:\/\/www.stiuidio.co.uk\/\" target=\"_blank\" rel=\"noopener\">Sti\u00f9dio <span class=\"il\">Ostaig<\/span><\/a>, airson riochdachadh agus comhairle.<\/span><\/p>\n<p style=\"text-align: center;\"><a class=\"btn btn-info btn-md\" href=\"http:\/\/www.storlann.co.uk\/bi-sunndach\/wp-content\/uploads\/2015\/01\/Bi-Sunndach-agus-Seinn-Content.pdf\">\u00d2rain (PDF)<\/a>\n<p><img decoding=\"async\" class=\"img-responsive lazyload\" data-src=\"https:\/\/www.storlann.co.uk\/bi-sunndach\/wp-content\/uploads\/2017\/12\/page-spacer.png\" alt=\"Spacer\" src=\"data:image\/svg+xml;base64,PHN2ZyB3aWR0aD0iMSIgaGVpZ2h0PSIxIiB4bWxucz0iaHR0cDovL3d3dy53My5vcmcvMjAwMC9zdmciPjwvc3ZnPg==\" style=\"--smush-placeholder-width: 767px; --smush-placeholder-aspect-ratio: 767\/99;\" \/><\/p>\n<p>&nbsp;<\/p>\n<div class=\"app\">\n<h2 style=\"text-align: center;\">App \u00f9r!<\/h2>\n<p style=\"text-align: center;\">Gheibh thu a-nis 23 \u00f2rain leis an app \u00d2rain Bi Sunndach. Luchdaich a-nuas e agus seinn c\u00f2mhla ris, a&#8217; leantainn nam facal!<\/p>\n<p style=\"text-align: center;\"><a href=\"https:\/\/apps.apple.com\/ky\/app\/%C3%B2rain-bi-sunndach\/id6444215215\" target=\"_blank\" rel=\"noopener\"><img decoding=\"async\" class=\"alignnone wp-image-513 lazyload\" data-src=\"https:\/\/www.storlann.co.uk\/bi-sunndach\/wp-content\/uploads\/2023\/02\/app-store-300x89.png\" alt=\"App Store\" width=\"185\" height=\"55\" data-srcset=\"https:\/\/www.storlann.co.uk\/bi-sunndach\/wp-content\/uploads\/2023\/02\/app-store-300x89.png 300w, https:\/\/www.storlann.co.uk\/bi-sunndach\/wp-content\/uploads\/2023\/02\/app-store.png 413w\" data-sizes=\"(max-width: 185px) 100vw, 185px\" src=\"data:image\/svg+xml;base64,PHN2ZyB3aWR0aD0iMSIgaGVpZ2h0PSIxIiB4bWxucz0iaHR0cDovL3d3dy53My5vcmcvMjAwMC9zdmciPjwvc3ZnPg==\" style=\"--smush-placeholder-width: 185px; --smush-placeholder-aspect-ratio: 185\/55;\" \/><\/a><a href=\"https:\/\/play.google.com\/store\/apps\/details?id=uk.co.storlann.orainbisunndach&amp;hl=en&amp;gl=US\" target=\"_blank\" rel=\"noopener\"> \u00a0 <img decoding=\"async\" class=\"alignnone wp-image-511 lazyload\" data-src=\"https:\/\/www.storlann.co.uk\/bi-sunndach\/wp-content\/uploads\/2023\/02\/google-play-gaelic-300x87.png\" alt=\"Google Play\" width=\"186\" height=\"54\" data-srcset=\"https:\/\/www.storlann.co.uk\/bi-sunndach\/wp-content\/uploads\/2023\/02\/google-play-gaelic-300x87.png 300w, https:\/\/www.storlann.co.uk\/bi-sunndach\/wp-content\/uploads\/2023\/02\/google-play-gaelic.png 600w\" data-sizes=\"(max-width: 186px) 100vw, 186px\" src=\"data:image\/svg+xml;base64,PHN2ZyB3aWR0aD0iMSIgaGVpZ2h0PSIxIiB4bWxucz0iaHR0cDovL3d3dy53My5vcmcvMjAwMC9zdmciPjwvc3ZnPg==\" style=\"--smush-placeholder-width: 186px; --smush-placeholder-aspect-ratio: 186\/54;\" \/><\/a><\/p>\n<\/div>\n<h2><\/h2>\n<p>&nbsp;<\/p>\n<h2 style=\"text-align: center;\">Thig a chluich<\/h2>\n<p><iframe style=\"width: 100%; min-height: 600px;\" title=\"orain is rannan\" data-src=\"https:\/\/seosibh.storlann.co.uk\/thigachluich\/\" src=\"data:image\/svg+xml;base64,PHN2ZyB3aWR0aD0iMSIgaGVpZ2h0PSIxIiB4bWxucz0iaHR0cDovL3d3dy53My5vcmcvMjAwMC9zdmciPjwvc3ZnPg==\" class=\"lazyload\" data-load-mode=\"1\">Your browser does not support iframes.&nbsp;<\/p>\n<p><\/iframe><\/p>\n<p><img decoding=\"async\" class=\"img-responsive lazyload\" data-src=\"https:\/\/www.storlann.co.uk\/bi-sunndach\/wp-content\/uploads\/2017\/12\/thig-a-chluich-sponsors-storlann.gif\" alt=\"Thig a Chluich Stakeholders - Scottish Book Trust | Western Isles Libraries | Comhairle nan Eilean Siar | B\u00f2rd na G\u00e0idhlig\" width=\"577\" height=\"92\" src=\"data:image\/svg+xml;base64,PHN2ZyB3aWR0aD0iMSIgaGVpZ2h0PSIxIiB4bWxucz0iaHR0cDovL3d3dy53My5vcmcvMjAwMC9zdmciPjwvc3ZnPg==\" style=\"--smush-placeholder-width: 577px; --smush-placeholder-aspect-ratio: 577\/92;\" \/><\/p>\n<p>Tadhail air L\u00e0rach-l\u00ecn Urras Leabhraichean na h-Alba airson barrachd fiosrachaidh air Bookbug G\u00e0idhlig agus cl\u00e0ran de dh\u2019\u00f2rain is rannan.<\/p>\n<p><a href=\"http:\/\/www.scottishbooktrust.com\/\" target=\"_blank\" rel=\"noopener\">www.scottishbooktrust.com\/bookbug<\/a><\/p>\n<p>Tha na leabhraichean ann am Bookbug G\u00e0idhlig uile air an cl\u00e0radh air l\u00e0rach-l\u00ecn Gaelic4Parents far an cluinn sibh iad air an leughadh a-mach.<\/p>\n<p><a href=\"https:\/\/www.gaelic4parents.com\/\" target=\"_blank\" rel=\"noopener\">www.gaelic4parents.com<\/a><\/p>\n<p class=\"text-center\"><img decoding=\"async\" class=\"img-responsive text-center lazyload\" data-src=\"https:\/\/www.storlann.co.uk\/bi-sunndach\/wp-content\/uploads\/2017\/12\/thig-a-chluich.jpg\" alt=\"Spacer\" src=\"data:image\/svg+xml;base64,PHN2ZyB3aWR0aD0iMSIgaGVpZ2h0PSIxIiB4bWxucz0iaHR0cDovL3d3dy53My5vcmcvMjAwMC9zdmciPjwvc3ZnPg==\" style=\"--smush-placeholder-width: 377px; --smush-placeholder-aspect-ratio: 377\/378;\" \/><\/p>\n","protected":false},"excerpt":{"rendered":"<p>\ufeff Taing do Dholina Rothach airson sti\u00f9ireadh ci\u00f9il, meur-chl\u00e0r agus seinn, do Iain agus do Cheit Masson, B\u00f9th Chi\u00f9il an Eilein, airson giot\u00e0r agus fidheall, agus do Eachann MacAonghais, Sti\u00f9dio Ostaig, airson riochdachadh agus comhairle. &nbsp; App \u00f9r! Gheibh thu a-nis 23 \u00f2rain leis an app \u00d2rain Bi Sunndach. Luchdaich a-nuas e agus seinn c\u00f2mhla [&hellip;]<\/p>\n","protected":false},"author":1,"featured_media":0,"parent":0,"menu_order":0,"comment_status":"closed","ping_status":"closed","template":"","meta":{"footnotes":""},"class_list":["post-232","page","type-page","status-publish","hentry"],"_links":{"self":[{"href":"https:\/\/www.storlann.co.uk\/bi-sunndach\/wp-json\/wp\/v2\/pages\/232","targetHints":{"allow":["GET"]}}],"collection":[{"href":"https:\/\/www.storlann.co.uk\/bi-sunndach\/wp-json\/wp\/v2\/pages"}],"about":[{"href":"https:\/\/www.storlann.co.uk\/bi-sunndach\/wp-json\/wp\/v2\/types\/page"}],"author":[{"embeddable":true,"href":"https:\/\/www.storlann.co.uk\/bi-sunndach\/wp-json\/wp\/v2\/users\/1"}],"replies":[{"embeddable":true,"href":"https:\/\/www.storlann.co.uk\/bi-sunndach\/wp-json\/wp\/v2\/comments?post=232"}],"version-history":[{"count":5,"href":"https:\/\/www.storlann.co.uk\/bi-sunndach\/wp-json\/wp\/v2\/pages\/232\/revisions"}],"predecessor-version":[{"id":529,"href":"https:\/\/www.storlann.co.uk\/bi-sunndach\/wp-json\/wp\/v2\/pages\/232\/revisions\/529"}],"wp:attachment":[{"href":"https:\/\/www.storlann.co.uk\/bi-sunndach\/wp-json\/wp\/v2\/media?parent=232"}],"curies":[{"name":"wp","href":"https:\/\/api.w.org\/{rel}","templated":true}]}}