{"id":178,"date":"2017-11-24T11:15:58","date_gmt":"2017-11-24T11:15:58","guid":{"rendered":"https:\/\/www.storlann.co.uk\/buth\/?page_id=178"},"modified":"2019-02-08T09:17:29","modified_gmt":"2019-02-08T09:17:29","slug":"contact-us","status":"publish","type":"page","link":"https:\/\/www.storlann.co.uk\/buth\/contact-us\/","title":{"rendered":"Cuir fios"},"content":{"rendered":"<p>Gus fios a chur oirnn mu reic\/\u00f2rdughan cuir post-d gu: sales@storlann.co.uk<\/p>\n<p>An se\u00f2ladh puist againn:<\/p>\n<p>St\u00f2rlann N\u00e0iseanta G\u00e0idhlig<br \/>\n54 Rathad Sh\u00ecophoirt<br \/>\nSte\u00f2rnabhagh<br \/>\nHS1 2SD<br \/>\nAlba<\/p>\n","protected":false},"excerpt":{"rendered":"<p>Gus fios a chur oirnn mu reic\/\u00f2rdughan cuir post-d gu: sales@storlann.co.uk An se\u00f2ladh puist againn: St\u00f2rlann N\u00e0iseanta G\u00e0idhlig 54 Rathad Sh\u00ecophoirt Ste\u00f2rnabhagh HS1 2SD Alba<\/p>\n","protected":false},"author":2,"featured_media":0,"parent":0,"menu_order":0,"comment_status":"closed","ping_status":"closed","template":"","meta":{"footnotes":""},"class_list":["post-178","page","type-page","status-publish","hentry"],"_links":{"self":[{"href":"https:\/\/www.storlann.co.uk\/buth\/wp-json\/wp\/v2\/pages\/178","targetHints":{"allow":["GET"]}}],"collection":[{"href":"https:\/\/www.storlann.co.uk\/buth\/wp-json\/wp\/v2\/pages"}],"about":[{"href":"https:\/\/www.storlann.co.uk\/buth\/wp-json\/wp\/v2\/types\/page"}],"author":[{"embeddable":true,"href":"https:\/\/www.storlann.co.uk\/buth\/wp-json\/wp\/v2\/users\/2"}],"replies":[{"embeddable":true,"href":"https:\/\/www.storlann.co.uk\/buth\/wp-json\/wp\/v2\/comments?post=178"}],"version-history":[{"count":0,"href":"https:\/\/www.storlann.co.uk\/buth\/wp-json\/wp\/v2\/pages\/178\/revisions"}],"wp:attachment":[{"href":"https:\/\/www.storlann.co.uk\/buth\/wp-json\/wp\/v2\/media?parent=178"}],"curies":[{"name":"wp","href":"https:\/\/api.w.org\/{rel}","templated":true}]}}