{"id":2698,"date":"2019-01-31T16:15:05","date_gmt":"2019-01-31T16:15:05","guid":{"rendered":"https:\/\/www.storlann.co.uk\/iolaire\/audio-html-5-copy\/"},"modified":"2019-03-22T12:09:53","modified_gmt":"2019-03-22T12:09:53","slug":"thinglink","status":"publish","type":"page","link":"https:\/\/www.storlann.co.uk\/iolaire\/thinglink\/","title":{"rendered":"Thinglink"},"content":{"rendered":"<!--themify_builder_content-->\n<div id=\"themify_builder_content-2698\" data-postid=\"2698\" class=\"themify_builder_content themify_builder_content-2698 themify_builder tf_clear\">\n                    <div  data-lazy=\"1\" class=\"module_row themify_builder_row tb_c279873 tb_first tf_w\">\n                        <div class=\"row_inner col_align_top tb_col_count_1 tf_box tf_rel\">\n                        <div  data-lazy=\"1\" class=\"module_column tb-column col-full tb_d86965f first\">\n                    <!-- module text -->\n<div  class=\"module module-text tb_a8de451  repeat \" data-lazy=\"1\">\n        <div  class=\"tb_text_wrap\">\n        <h1>THINGLINK<\/h1>    <\/div>\n<\/div>\n<!-- \/module text -->        <\/div>\n                        <\/div>\n        <\/div>\n                        <div  data-parallax-bg=\"desktop\" data-css_id=\"57e1fe2\" data-lazy=\"1\" class=\"module_row themify_builder_row fullwidth_row_container tb_57e1fe2 tf_w\">\n            <span  class=\"builder_row_cover tf_abs\" data-lazy=\"1\"><\/span>            <div class=\"row_inner col_align_top tb_col_count_1 tf_box tf_rel\">\n                        <div  data-lazy=\"1\" class=\"module_column tb-column col-full tb_1926495 first\">\n                    <!-- module text -->\n<div  class=\"module module-text tb_20bf74f  repeat \" data-lazy=\"1\">\n        <div  class=\"tb_text_wrap\">\n        <p><iframe src=\\\"\/\/www.thinglink.com\/card\/1139937414446317571\\\" width=\\\"1471\\\" height=\\\"862\\\" frameborder=\\\"0\\\" scrolling=\\\"no\\\" allowfullscreen=\\\"allowfullscreen\\\"><\/iframe><script async src=\\\"\/\/cdn.thinglink.me\/jse\/responsive.js\\\"><\/script><\/p>    <\/div>\n<\/div>\n<!-- \/module text -->        <\/div>\n                        <\/div>\n        <\/div>\n        <\/div>\n<!--\/themify_builder_content-->","protected":false},"excerpt":{"rendered":"<p>THINGLINK<\/p>\n","protected":false},"author":2,"featured_media":0,"parent":0,"menu_order":0,"comment_status":"closed","ping_status":"closed","template":"","meta":{"inline_featured_image":false,"jetpack_post_was_ever_published":false,"footnotes":""},"class_list":["post-2698","page","type-page","status-publish","hentry","has-post-title","has-post-date","has-post-category","has-post-tag","has-post-comment","has-post-author",""],"yoast_head":"<!-- This site is optimized with the Yoast SEO plugin v27.3 - https:\/\/yoast.com\/product\/yoast-seo-wordpress\/ -->\n<title>Thinglink - An Iolaire<\/title>\n<meta name=\"robots\" content=\"index, follow, max-snippet:-1, max-image-preview:large, max-video-preview:-1\" \/>\n<link rel=\"canonical\" href=\"https:\/\/www.storlann.co.uk\/iolaire\/thinglink\/\" \/>\n<meta property=\"og:locale\" content=\"en_GB\" \/>\n<meta property=\"og:type\" content=\"article\" \/>\n<meta property=\"og:title\" content=\"Thinglink - An Iolaire\" \/>\n<meta property=\"og:description\" content=\"THINGLINK\" \/>\n<meta property=\"og:url\" content=\"https:\/\/www.storlann.co.uk\/iolaire\/thinglink\/\" \/>\n<meta property=\"og:site_name\" content=\"An Iolaire\" \/>\n<meta property=\"article:publisher\" content=\"https:\/\/business.facebook.com\/storlann\/\" \/>\n<meta property=\"article:modified_time\" content=\"2019-03-22T12:09:53+00:00\" \/>\n<meta name=\"twitter:card\" content=\"summary_large_image\" \/>\n<meta name=\"twitter:site\" content=\"@storlann\" \/>\n<script type=\"application\/ld+json\" class=\"yoast-schema-graph\">{\"@context\":\"https:\\\/\\\/schema.org\",\"@graph\":[{\"@type\":\"WebPage\",\"@id\":\"https:\\\/\\\/www.storlann.co.uk\\\/iolaire\\\/thinglink\\\/\",\"url\":\"https:\\\/\\\/www.storlann.co.uk\\\/iolaire\\\/thinglink\\\/\",\"name\":\"Thinglink - An Iolaire\",\"isPartOf\":{\"@id\":\"https:\\\/\\\/www.storlann.co.uk\\\/iolaire\\\/#website\"},\"datePublished\":\"2019-01-31T16:15:05+00:00\",\"dateModified\":\"2019-03-22T12:09:53+00:00\",\"breadcrumb\":{\"@id\":\"https:\\\/\\\/www.storlann.co.uk\\\/iolaire\\\/thinglink\\\/#breadcrumb\"},\"inLanguage\":\"en-GB\",\"potentialAction\":[{\"@type\":\"ReadAction\",\"target\":[\"https:\\\/\\\/www.storlann.co.uk\\\/iolaire\\\/thinglink\\\/\"]}]},{\"@type\":\"BreadcrumbList\",\"@id\":\"https:\\\/\\\/www.storlann.co.uk\\\/iolaire\\\/thinglink\\\/#breadcrumb\",\"itemListElement\":[{\"@type\":\"ListItem\",\"position\":1,\"name\":\"Home\",\"item\":\"https:\\\/\\\/www.storlann.co.uk\\\/iolaire\\\/\"},{\"@type\":\"ListItem\",\"position\":2,\"name\":\"Thinglink\"}]},{\"@type\":\"WebSite\",\"@id\":\"https:\\\/\\\/www.storlann.co.uk\\\/iolaire\\\/#website\",\"url\":\"https:\\\/\\\/www.storlann.co.uk\\\/iolaire\\\/\",\"name\":\"An Iolaire\",\"description\":\"On 1 January 1919 HMY Iolaire struck rocks and sank near the entrance to Stornoway Harbour with the loss of over 200 sailors\",\"publisher\":{\"@id\":\"https:\\\/\\\/www.storlann.co.uk\\\/iolaire\\\/#organization\"},\"potentialAction\":[{\"@type\":\"SearchAction\",\"target\":{\"@type\":\"EntryPoint\",\"urlTemplate\":\"https:\\\/\\\/www.storlann.co.uk\\\/iolaire\\\/?s={search_term_string}\"},\"query-input\":{\"@type\":\"PropertyValueSpecification\",\"valueRequired\":true,\"valueName\":\"search_term_string\"}}],\"inLanguage\":\"en-GB\"},{\"@type\":\"Organization\",\"@id\":\"https:\\\/\\\/www.storlann.co.uk\\\/iolaire\\\/#organization\",\"name\":\"St\u00f2rlann N\u00e0iseanta na G\u00e0idhlig\",\"url\":\"https:\\\/\\\/www.storlann.co.uk\\\/iolaire\\\/\",\"logo\":{\"@type\":\"ImageObject\",\"inLanguage\":\"en-GB\",\"@id\":\"https:\\\/\\\/www.storlann.co.uk\\\/iolaire\\\/#\\\/schema\\\/logo\\\/image\\\/\",\"url\":\"https:\\\/\\\/i1.wp.com\\\/www.storlann.co.uk\\\/iolaire\\\/wp-content\\\/uploads\\\/2018\\\/11\\\/storlann-logo-flat-colour-800px.png?fit=800%2C240&ssl=1\",\"contentUrl\":\"https:\\\/\\\/i1.wp.com\\\/www.storlann.co.uk\\\/iolaire\\\/wp-content\\\/uploads\\\/2018\\\/11\\\/storlann-logo-flat-colour-800px.png?fit=800%2C240&ssl=1\",\"width\":800,\"height\":240,\"caption\":\"St\u00f2rlann N\u00e0iseanta na G\u00e0idhlig\"},\"image\":{\"@id\":\"https:\\\/\\\/www.storlann.co.uk\\\/iolaire\\\/#\\\/schema\\\/logo\\\/image\\\/\"},\"sameAs\":[\"https:\\\/\\\/business.facebook.com\\\/storlann\\\/\",\"https:\\\/\\\/x.com\\\/storlann\"]}]}<\/script>\n<!-- \/ Yoast SEO plugin. -->","yoast_head_json":{"title":"Thinglink - An Iolaire","robots":{"index":"index","follow":"follow","max-snippet":"max-snippet:-1","max-image-preview":"max-image-preview:large","max-video-preview":"max-video-preview:-1"},"canonical":"https:\/\/www.storlann.co.uk\/iolaire\/thinglink\/","og_locale":"en_GB","og_type":"article","og_title":"Thinglink - An Iolaire","og_description":"THINGLINK","og_url":"https:\/\/www.storlann.co.uk\/iolaire\/thinglink\/","og_site_name":"An Iolaire","article_publisher":"https:\/\/business.facebook.com\/storlann\/","article_modified_time":"2019-03-22T12:09:53+00:00","twitter_card":"summary_large_image","twitter_site":"@storlann","schema":{"@context":"https:\/\/schema.org","@graph":[{"@type":"WebPage","@id":"https:\/\/www.storlann.co.uk\/iolaire\/thinglink\/","url":"https:\/\/www.storlann.co.uk\/iolaire\/thinglink\/","name":"Thinglink - An Iolaire","isPartOf":{"@id":"https:\/\/www.storlann.co.uk\/iolaire\/#website"},"datePublished":"2019-01-31T16:15:05+00:00","dateModified":"2019-03-22T12:09:53+00:00","breadcrumb":{"@id":"https:\/\/www.storlann.co.uk\/iolaire\/thinglink\/#breadcrumb"},"inLanguage":"en-GB","potentialAction":[{"@type":"ReadAction","target":["https:\/\/www.storlann.co.uk\/iolaire\/thinglink\/"]}]},{"@type":"BreadcrumbList","@id":"https:\/\/www.storlann.co.uk\/iolaire\/thinglink\/#breadcrumb","itemListElement":[{"@type":"ListItem","position":1,"name":"Home","item":"https:\/\/www.storlann.co.uk\/iolaire\/"},{"@type":"ListItem","position":2,"name":"Thinglink"}]},{"@type":"WebSite","@id":"https:\/\/www.storlann.co.uk\/iolaire\/#website","url":"https:\/\/www.storlann.co.uk\/iolaire\/","name":"An Iolaire","description":"On 1 January 1919 HMY Iolaire struck rocks and sank near the entrance to Stornoway Harbour with the loss of over 200 sailors","publisher":{"@id":"https:\/\/www.storlann.co.uk\/iolaire\/#organization"},"potentialAction":[{"@type":"SearchAction","target":{"@type":"EntryPoint","urlTemplate":"https:\/\/www.storlann.co.uk\/iolaire\/?s={search_term_string}"},"query-input":{"@type":"PropertyValueSpecification","valueRequired":true,"valueName":"search_term_string"}}],"inLanguage":"en-GB"},{"@type":"Organization","@id":"https:\/\/www.storlann.co.uk\/iolaire\/#organization","name":"St\u00f2rlann N\u00e0iseanta na G\u00e0idhlig","url":"https:\/\/www.storlann.co.uk\/iolaire\/","logo":{"@type":"ImageObject","inLanguage":"en-GB","@id":"https:\/\/www.storlann.co.uk\/iolaire\/#\/schema\/logo\/image\/","url":"https:\/\/i1.wp.com\/www.storlann.co.uk\/iolaire\/wp-content\/uploads\/2018\/11\/storlann-logo-flat-colour-800px.png?fit=800%2C240&ssl=1","contentUrl":"https:\/\/i1.wp.com\/www.storlann.co.uk\/iolaire\/wp-content\/uploads\/2018\/11\/storlann-logo-flat-colour-800px.png?fit=800%2C240&ssl=1","width":800,"height":240,"caption":"St\u00f2rlann N\u00e0iseanta na G\u00e0idhlig"},"image":{"@id":"https:\/\/www.storlann.co.uk\/iolaire\/#\/schema\/logo\/image\/"},"sameAs":["https:\/\/business.facebook.com\/storlann\/","https:\/\/x.com\/storlann"]}]}},"jetpack_sharing_enabled":true,"jetpack_shortlink":"https:\/\/wp.me\/ParUmM-Hw","builder_content":"<h1>THINGLINK<\/h1>\n<p><iframe src=\\\"\/\/www.thinglink.com\/card\/1139937414446317571\\\" width=\\\"1471\\\" height=\\\"862\\\" frameborder=\\\"0\\\" scrolling=\\\"no\\\" allowfullscreen=\\\"allowfullscreen\\\"><\/iframe><\/p>","_links":{"self":[{"href":"https:\/\/www.storlann.co.uk\/iolaire\/wp-json\/wp\/v2\/pages\/2698","targetHints":{"allow":["GET"]}}],"collection":[{"href":"https:\/\/www.storlann.co.uk\/iolaire\/wp-json\/wp\/v2\/pages"}],"about":[{"href":"https:\/\/www.storlann.co.uk\/iolaire\/wp-json\/wp\/v2\/types\/page"}],"author":[{"embeddable":true,"href":"https:\/\/www.storlann.co.uk\/iolaire\/wp-json\/wp\/v2\/users\/2"}],"replies":[{"embeddable":true,"href":"https:\/\/www.storlann.co.uk\/iolaire\/wp-json\/wp\/v2\/comments?post=2698"}],"version-history":[{"count":0,"href":"https:\/\/www.storlann.co.uk\/iolaire\/wp-json\/wp\/v2\/pages\/2698\/revisions"}],"wp:attachment":[{"href":"https:\/\/www.storlann.co.uk\/iolaire\/wp-json\/wp\/v2\/media?parent=2698"}],"curies":[{"name":"wp","href":"https:\/\/api.w.org\/{rel}","templated":true}]}}